21. What is w(-10)?
-1
Let v(y) = 2*y**2 - 39*y - 11. Give v(20).
9
Let g(k) = k**2 + 3*k - 3. Calculate g(1).
1
Let q(r) = -2*r**2 + 27*r - 77. Calculate q(9).
4
Let n(k) = k**3 - 9*k**2 + 10*k - 7. Give n(8).
9
Let x(d) = -3*d**2 + 17*d + 80. Calculate x(-3).
2
Let a(j) = -7*j**3 + 4*j**2 + 4*j - 5. What is a(2)?
-37
Let x(n) = -16*n + 2. Determine x(3).
-46
Let s(h) = -h**2 + 13*h - 8. Give s(13).
-8
Let r(y) = -y**3 + y**2 + y - 23. What is r(0)?
-23
Let r(k) = -9*k - 83. Give r(-13).
34
Let v(t) = t + 8. Give v(2).
10
Let a(q) = -5*q**3 + 52*q**2 - 20*q + 2. Calculate a(10).
2
Let f(k) = -2*k**2 + 5*k - 1. Determine f(3).
-4
Let y(n) = -2*n**3 - 7*n**2 - n + 3. Determine y(-3).
-3
Let q(a) = 14*a - 355. Give q(26).
9
Let r(j) = -3*j**3 + 30*j**2 - 2*j + 21. Calculate r(10).
1
Let r(d) = d + 5. Give r(6).
11
Let m(x) = x**3 + 4*x**2 + 3*x + 3. What is m(-2)?
5
Let h(f) = 68*f - 333. Determine h(5).
7
Let f(r) = -4*r - 12. Give f(8).
-44
Let s(w) = -23*w + 6. Give s(-2).
52
Let n(l) = -2*l**2 + 4*l - 3. Give n(3).
-9
Let f(o) = o**2 + 9*o - 29. Determine f(-9).
-29
Let q(d) = -2*d**3 + 4*d**2 - d - 2. Determine q(2).
-4
Let i(j) = -j**3 + 56*j + 41. Determine i(-7).
-8
Let w(s) = s**2 - 6*s + 1. Give w(-5).
56
Let q(m) = m**3 - 2*m**2 - 6*m + 2. Give q(3).
-7
Let w(k) = -3*k - 17. What is w(-7)?
4
Let a(u) = -u**3 - 7*u**2 - 2*u + 1. Give a(-6).
-23
Let d(z) = -5*z - 2. Calculate d(-4).
18
Let t(n) = 3*n - 70. Calculate t(21).
-7
Let x(y) = y + 4. Calculate x(2).
6
Let b(j) = 3*j - 44. Determine b(15).
1
Let q(v) = 2*v + 20. What is q(-11)?
-2
Let y(x) = -x**2 - 6*x - 18. Give y(-8).
-34
Let s(w) = -w**3 - 6*w**2 + 5*w - 21. What is s(-7)?
-7
Let s(z) = 4*z**3 + 16*z**2 + 5*z + 2. What is s(-4)?
-18
Let d(w) = 9*w**2 - w + 1. Determine d(1).
9
Let w(f) = -f + 49. Calculate w(0).
49
Let w(y) = y**2 + 31*y + 88. Determine w(-30).
58
Let b(n) = -4*n**2. Give b(3).
-36
Let n(x) = -5*x - 12. Give n(-4).
8
Let h(k) = -62*k + 928. What is h(15)?
-2
Let r(i) = -i**2 + i - 24. Give r(0).
-24
Let t(c) = -c**3 - 13*c**2 - 13*c - 14. What is t(-12)?
-2
Let s(g) = 9*g - 6. Calculate s(-6).
-60
Let s(n) = -16*n + 213. What is s(13)?
5
Let j(r) = 3*r**2 - r + 1. What is j(6)?
103
Let g(l) = 3*l**2 - 21*l - 7. Determine g(7).
-7
Let o(t) = 6*t + 9. Give o(-2).
-3
Let n(c) = -c + 15. Give n(11).
4
Let s(p) = -3*p**2 + 2*p - 4. Determine s(-3).
-37
Let i(k) = -k**3 + 9*k**2 - 7*k - 3. Determine i(8).
5
Let c(d) = -2*d**2 - 8*d + 5. Calculate c(-5).
-5
Let r(p) = -2*p**3 - 19*p**2 - 10*p - 18. What is r(-9)?
-9
Let z(h) = 2*h**3 + 5*h**2 + 9*h + 14. Give z(-4).
-70
Let u(q) = 3*q**3 + 21*q**2 + 19*q + 9. What is u(-6)?
3
Let l(v) = v**3 + 10*v**2 + 12*v + 31. Determine l(-9).
4
Let l(y) = y + 11. Determine l(7).
18
Let y(h) = 10*h - 47. What is y(5)?
3
Let g(w) = w**3 + 7*w**2 + 9*w + 10. Calculate g(-6).
-8
Let p(w) = 2*w**2 - 12*w - 9. Determine p(6).
-9
Let a(w) = -7*w + 235. Calculate a(31).
18
Let n(v) = v**3 + 9*v**2 + 8*v - 12. Determine n(-8).
-12
Let r(i) = i**3 + 7*i**2 - 7. What is r(-5)?
43
Let h(s) = -4*s**2 + 46*s + 40. Give h(12).
16
Let x(h) = h**3 - 6*h**2 - 9*h - 3. Determine x(7).
-17
Let q(u) = u**2 + 8*u + 4. Calculate q(-2).
-8
Let y(m) = -16*m - 118. Calculate y(-8).
10
Let x(w) = -w**3 - 7*w**2. Determine x(-7).
0
Let f(o) = -o**2 + o. What is f(-2)?
-6
Let n(t) = -2*t - 21. Give n(9).
-39
Let y(d) = -36*d + 685. Calculate y(19).
1
Let v(f) = -f**3 + 2*f**2 - 3*f + 6. What is v(2)?
0
Let s(l) = -12*l + 46. Determine s(4).
-2
Let t(s) = -4*s + 12. Determine t(12).
-36
Let l(k) = 23*k**3 + k**2. Determine l(1).
24
Let u(g) = -g**2 - 21*g - 158. Calculate u(-11).
-48
Let j(m) = 8*m**3 - 2*m**2 - m + 1. Calculate j(-1).
-8
Let n(f) = -f**3 + 15*f**2 + f - 23. Give n(15).
-8
Let b(v) = 32*v**3 + 415*v**2 - 12*v + 7. Determine b(-13).
-6
Let w(l) = -3*l**2 + l - 3. Determine w(-5).
-83
Let h(c) = -10*c + 12. What is h(2)?
-8
Let v(r) = r**2 - 5*r - 27. Calculate v(7).
-13
Let w(h) = -2*h + 14. What is w(-6)?
26
Let m(s) = s**2 - 16*s + 17. Determine m(15).
2
Let i(s) = 8*s + 177. What is i(-24)?
-15
Let h(n) = n**2 + 11*n + 9. Calculate h(-8).
-15
Let n(s) = s**2 - 9*s. Determine n(7).
-14
Let p(z) = z**3 + 8*z**2 + 15*z + 8. Calculate p(-4).
12
Let y(u) = u**3 - 25*u**2 - 27*u + 33. Calculate y(26).
7
Let m(v) = 6*v**2 - 15*v + 9. Calculate m(5).
84
Let u(g) = -2*g**2 - 2*g + 3. What is u(3)?
-21
Let q(g) = -g**2 - 7*g - 8. Give q(-5).
2
Let y(h) = 30*h + 199. Give y(-7).
-11
Let c(b) = 5*b**2 - 94*b - 23. Give c(19).
-4
Let t(v) = -v + 31. Give t(15).
16
Let m(u) = -2*u + 3. Give m(-4).
11
Let z(h) = -h**2 + h - 25. Determine z(0).
-25
Let l(t) = t**2 + 7*t + 1. Give l(-3).
-11
Let l(m) = -3*m + 15. Give l(6).
-3
Let a(q) = -2*q**2 + 4*q + 62. Give a(6).
14
Let u(m) = -m**2 - 2*m - 22. Determine u(8).
-102
Let b(u) = -u**2 - 11*u - 6. Determine b(-3).
18
Let n(g) = -g**3 + 9*g**2 - 7*g - 12. Determine n(8).
-4
Let h(b) = 2*b**3 + 4*b**2 + b - 5. What is h(-2)?
-7
Let t(u) = u**2 + 4*u - 10. Calculate t(-5).
-5
Let g(o) = 3*o**2 + 3*o. Determine g(4).
60
Let h(f) = f - 8. What is h(-6)?
-14
Let y(p) = -p**2 - 2*p - 5. Give y(-5).
-20
Let t(g) = 4*g + 27. Calculate t(-7).
-1
Let d(w) = -w**2 + 102*w + 418. Give d(-4).
-6
Let b(t) = -2*t**2 + 15*t + 48. What is b(10)?
-2
Let n(p) = 7*p + 301. Give n(-40).
21
Let h(n) = 4*n + 11. Calculate h(-2).
3
Let w(o) = -8*o - 1. Determine w(-1).
7
Let m(w) = -w**2 + w + 57. Give m(8).
1
Let w(v) = v**3 + 8*v**2 + 15*v + 8. Calculate w(-5).
8
Let s(d) = 10*d - 3. What is s(2)?
17
Let p(l) = 249*l - 1748. Give p(7).
-5
Let p(o) = 6*o - 60. What is p(4)?
-36
Let g(u) = 2*u - 8. What is g(7)?
6
Let n(k) = k**3 - 10*k**2 + 4*k + 14. Determine n(10).
54
Let s(l) = -17*l + 4. What is s(2)?
-30
Let u(r) = -60*r + 1. What is u(2)?
-119
Let c(y) = -24*y + 3. Calculate c(-1).
27
Let c(v) = 45*v + 21. What is c(3)?
156
Let m(w) = 5*w + 174. Determine m(-32).
14
Let g(v) = -v - 14. Determine g(-5).
-9
Let z(g) = -12*g + 4. What is z(1)?
-8
Let m(i) = i - 4. What is m(-4)?
-8
Let f(t) = t**2 + 13*t + 25. Give f(-10).
-5
Let z(q) = 28*q - 213. Give z(8).
11
Let x(n) = n - 14. Determine x(11).
-3
Let z(r) = r**2 + 14*r + 42. Give z(-11).
9
Let w(x) = x**3 - 5*x**2 - 13*x + 17. What is w(6)?
-25
Let o(n) = -n**3 + 28*n**2 - 26*n - 14. What is o(27)?
13
Let m(f) = -f**2 + 7*f + 10. Determine m(9).
-8
Let q(w) = w**3 - 18*w**2 + 12*w - 21. Determine q(17).
-106
Let n(w) = w**3 - 30*w**2 + 27*w + 63. Calculate n(29).
5
Let d(t) = -2*t**3 - 11*t**2 - 6*t - 6. What is d(-4)?
-30
Let w(u) = -u - 4. What is w(0)?
-4
Let x(w) = -6*w + 20. Give x(2).
8
Let v(b) = -b**2 + 27*b + 867. Calculate v(46).
-7
Let v(h) = 5*h - 7. What is v(10)?
43
Let k(b) = -b**2 + 9*b - 1. Give k(8).
7
Let x(p) = 6*p**2 - 5*p + 7. Give x(-3).
76
Let r(p) = p**3 + 6*p**2 + 5*p + 23. What is r(-6)?
-7
Let i(y) = -y**2 - 4*y - 5. Calculate i(-2).
-1
Let w(x) = -x**3 - 18*x**2 + 19*x + 10. Determine w(-19).
10
Let r(d) = 2*d + 54. Give r(-18).
18
Let n(r) = r + 8. Give n(-7).
1
Let r(y) = 54*y - 322. Give r(6).
2
Let r(y) = 2*y**3 - 25*y**2 - 12*y - 13. What is r(13)?
0
Let u(r) = 11*r + 6. What is u(-2)?
-16
Let c(v) = 5*v**2 + 27*v - 7. Give c(-5).
-17
Let m(r) = 5*r - 11. Give m(-6).
-41
Let u(c) = -2*c**3 + 53*c**2 - 21*c - 122. What is u(26)?
8
Let g(d) = -d. Determine g(-3).
3
Let q(j) = -j**2 - 3*j + 21. Give q(-7).
-7
Let k(s) = -15*s + 60. Give k(4).
0
Let d(v) = -v**2 + 16*v. What is d(16)?
0
Let t(i) = 2*i**2 - 6*i - 33. Calculate t(-4).
23
Let c(d) = -d**2 + d. Give c(0).
0
Let d(l) = l**2 - 9*l - 125. What is d(16)?
-13
Let f(k) = -k**3 - 8*k**2 - 4*k - 11. What is f(-8)?
21
Let g(c) = -c**3 + c**2 - c - 8. Calculate g(0).
-8
Let l(b) = -b**3 - 4*b**2 + 2*b + 2. Give l(-5).
17
Let c(a) = 4*a**3 - 5*a**2 + 3*a + 2. Determine c(2).
20
Let w(q) = -11*q + 26. Give w(4).
-18
Let s(t) = t**3 - 4*t**2 + 3*t + 1. Calculate s(3).
1
Let d(u) = -25*u + 26. What is d(-6)?
176
Let h(n) = -n**2 + 59*n - 125. Calculate h(2).
-11
Let c(w) = -2*w**3 + 9*w**2 - 11*w - 4. What is c(2)?
-6
Let m(c) = c**3 - 10*c**2 + 6*c + 71. Give m(8).
-9
Let p(o) = o**3 - 6*o**2 + 4*o - 18. Determine p(5).
-23
Let h(w) = w**3 - 11*w**2 - w + 17. Give h(11).
6
Let k(s) = 